*x + v. What is the units digit of x?
4
Let j(q) = 13*q**2 + 16*q + 58. What is the tens digit of j(-5)?
0
Suppose -10166 = -22*a - 3038. What is the tens digit of a?
2
Let u = -12 - -4. Let f = 12 + u. Suppose -f*i + 3 + 45 = 0. What is the units digit of i?
2
Let s(j) = j - 1. Let l(g) = 9*g - 5. Let o(h) = -l(h) + 5*s(h). Let d be (5/4)/((-2)/8). What is the tens digit of o(d)?
2
Suppose y = 1 + 4. Let m = y - -20. Suppose -2*l + m = -37. What is the units digit of l?
1
Suppose -3*f + 9360 = 3*q, 4*f + 12433 = 4*q - 7. What is the thousands digit of q?
3
Let a = -267 + 93. Let m = -117 - a. Let k = m + -31. What is the units digit of k?
6
Let i = -156 - -152. What is the units digit of i*(-1 - 531/12)?
1
Let c(u) be the first derivative of -u**3/3 + 4*u**2 - 13*u - 18. Suppose -2*v + 16 = 2*v. What is the units digit of c(v)?
3
Let w(c) = -c**2 - 3*c - 2. Let q be w(-2). Let i(h) = -7 + 5*h**2 + q*h - 3*h**2 - 2*h - 4*h. What is the units digit of i(7)?
9
Let r(z) = 27*z**2 - 8*z + 22. What is the hundreds digit of r(3)?
2
Suppose 5*u + 0*j - 17 = 2*j, -u + 3*j = 7. Suppose 0 = l - 6 - u. What is the units digit of (-3)/(-12) - l/(-4)?
3
Suppose 4*z + 172*y - 15938 = 175*y, 3*y = z - 3980. What is the units digit of z?
6
Let w(b) = -b**3 - 12*b**2 + 13*b + 5. Let z be w(-13). Suppose 5*h - q = -6*q + 170, -2*h = -z*q - 103. What is the tens digit of h?
3
Let i(m) = -1759*m - 136. What is the thousands digit of i(-2)?
3
Let k(y) = 155*y**2 - 16*y - 21. What is the hundreds digit of k(-5)?
9
Let c = 250 + 379. What is the units digit of c?
9
Let v = 63 - 60. What is the hundreds digit of 133 + v/(-1) + 3?
1
Let x(b) = -4*b + 12. Suppose a - y - 9 = 0, -2*a + y - 3 = -4*a. Let u be x(a). What is the tens digit of 92/(-3)*6/u?
4
What is the tens digit of -18*(9/6 - 3)?
2
Suppose 3*p - y = 5, -y = -p + 1 - 0. Suppose 379 = p*i - 8*g + 3*g, 5*i - 3*g - 995 = 0. What is the units digit of i?
2
Suppose -5*l = 4*o - 145, -l - 3*o - 2 = -20. Suppose -325 = -4*t - l. What is the units digit of t?
3
What is the units digit of (-777)/(-2) + 6/(-48)*-4?
9
Suppose 0 = -5*g - 620 - 2160. Let w = -329 - g. What is the units digit of w?
7
Suppose -42 = -2*u - u. What is the tens digit of (4 - -3)*92/u?
4
Let s(q) be the first derivative of q**2/2 + 29*q - 47. What is the tens digit of s(0)?
2
Let p = 654 + -322. What is the tens digit of p?
3
Let x = -730 + 1461. What is the tens digit of x?
3
Let t(y) = 2*y - 6. Let b be t(5). Suppose -8 + b = -r. What is the units digit of r?
4
Suppose -4*b - 1240 = 6*b. Let c = -75 - b. What is the tens digit of c?
4
Suppose -30*k - 4647 + 20727 = 0. What is the units digit of k?
6
Suppose 9574 = 3*x + 4*n + 2493, 3*x + n = 7078. What is the units digit of x?
9
Let x = 5527 - 628. What is the units digit of x?
9
Let b(m) = m**2 - 15*m + 2. Let h(z) = -z**2 - z - 1. Let v(i) = b(i) - 5*h(i). What is the units digit of v(-6)?
3
What is the tens digit of 80912/156 - 22/6?
1
Let w = -1058 + 1708. What is the units digit of w?
0
Let d be (24 - 4) + 0 + 3. Let u be (-8)/(-160)*92 + 4/10. Suppose 0 = 2*f + u*m - d, 4*f = -3*m + 1 + 66. What is the tens digit of f?
1
Suppose -3*l - 4*d = l - 164, 45 = l + 3*d. Suppose 41*h = l*h + 28. What is the units digit of h?
4
Let a be (-2)/4 + 15/2. Let q(t) = 35*t - 5. Let g be q(0). What is the units digit of (-1 - g - a) + 27?
4
Let m(w) = -w**2 + 4*w - 3. Let n be m(3). Suppose -11 = -2*q - q + b, -3*q + 4*b + 8 = n. Suppose 20 = o + q*o. What is the units digit of o?
4
Let k be 6 + (6 - 3)*-1. Suppose 5*v = -10, -k*v = -5*p - 5*v + 11. Suppose p*o - 70 - 37 = -f, 12 = -3*f. What is the units digit of o?
7
What is the tens digit of 8/(-10) + 51316*9/180?
6
What is the tens digit of -23*(-11 + -43 - -11)?
8
Suppose 3*q = 17 - 8. Let o be (2 + -8)/(-2 + q). What is the tens digit of 17/2*(8 + o)?
1
Let g(u) = u + 2. Let o be g(-1). Let q be 2*(30/4 - o). Suppose q = 6*m - 5*m. What is the tens digit of m?
1
Let l(h) = -20*h**2 - 7*h + 1. Let g(x) = -20*x**2 - 6*x + 1. Let k(p) = -5*g(p) + 4*l(p). Let a be k(-2). Let w = a - 22. What is the units digit of w?
3
Suppose -3*z - 5*p - 37 - 21 = 0, 2*p = z + 1. What is the tens digit of 4/2*(-396)/z?
7
Let p = 4 + 2. Suppose 0 = -3*o + p, 2*b = 5*o + 15 + 51. What is the tens digit of b?
3
Let h = -18 - -18. Suppose h = -z + 3*b + 12, z = -4*b + b + 24. Let a = z - 15. What is the units digit of a?
3
What is the tens digit of (464/(-6) - -1)*(-9 + -33)?
0
Let j(b) = 110*b + 47. Let c be j(4). Suppose 2*k = c + 109. What is the tens digit of k?
9
Let u = 5530 + -3267. What is the thousands digit of u?
2
Let g(r) = 112*r - 2. Let w be g(-1). Let v be (w/(-9))/((-2)/(-3)). Let m = 27 - v. What is the units digit of m?
8
Let f(m) = 7*m**2 + 3*m + 7. Let w(r) = -r**3 - 15*r**2 - 6*r - 15. Let s(b) = -9*f(b) - 4*w(b). Let q = -107 + 110. What is the units digit of s(q)?
9
Let f = -1041 - -1943. What is the hundreds digit of f?
9
Suppose -s + 3*c + 2*c = -498, 0 = -5*s - 3*c + 2350. What is the hundreds digit of s?
4
Suppose 2*w + 2114 = 4*g, -6*g + 2641 = -g - 2*w. What is the tens digit of g?
2
Suppose 3*a = o - 1457 - 1660, 0 = 5*a + 20. What is the tens digit of o?
0
Let z = -6 + 12. Suppose f + z = 2, 3*a - 96 = -3*f. Suppose 5*o - 1 = -3*w + 28, -4*w - 4*o + a = 0. What is the units digit of w?
8
Suppose -5*x + 0*x + q + 9691 = 0, 3*q = 12. What is the units digit of x?
9
Let k(x) = 2*x**2 + 52*x - 141. What is the thousands digit of k(25)?
2
Let k = 26 - 24. Suppose -6 = r - 4*p, 7*p - 10 = k*p. What is the units digit of (-2)/r + 14 - 4?
9
Let l(k) = -k**3 - 7*k**2 - 12*k - 15. Let y = 20 - 15. Let u(x) = x - 11. Let r be u(y). What is the tens digit of l(r)?
2
Suppose t - 29 = -0*t. Let j = 74 + t. What is the tens digit of j?
0
Let l(y) = 12*y**2 + 9*y + 13. Suppose 4*o - 11*o - 28 = 0. What is the units digit of l(o)?
9
Let h(b) = 16*b**2 - 2*b + 9. What is the units digit of h(5)?
9
What is the units digit of 3154 + 5/(-10)*4*3?
8
Let y(t) = -16*t - 129. What is the hundreds digit of y(-24)?
2
Let c be 10/(-4 - -2) + 0. Let q be 168/15 - 4/c. What is the tens digit of ((-153)/(-6))/(9/q)?
3
Let l(o) = o**3 - 5*o**2 + 7*o + 2. Suppose -5*x - 110 = -0*x. Let k be (-106)/x + (-14)/(-77). What is the tens digit of l(k)?
3
Suppose -8453 - 2217 = -22*r. What is the tens digit of r?
8
Suppose 2*v - 10*v = -200. Let f = -11 + v. What is the tens digit of 31 - 7/(f/(-8))?
3
Let b(m) = 3*m + 9. Let d be b(-3). Suppose -2*k - 4*r + 64 = d, 2*r - r + 82 = 3*k. What is the units digit of k?
8
Suppose -y = -6*y + 6160. Suppose -y = -11*j + 7*j. What is the units digit of j?
8
Suppose 0*k - k + 6 = p, -p = 2*k - 7. What is the hundreds digit of (309/9)/(k/3)?
1
Let g = -63 + 34. Let k = g - -11. What is the units digit of 10/12 + (-3)/k?
1
What is the tens digit of (359 - (-6 + 8)) + 4?
6
Let k(a) = 2*a + 7. Let x(s) = -s**3 + 10*s**2 - 9*s - 12. Let z be x(9). Let v(l) = l**2 + 11*l. Let f be v(z). What is the tens digit of k(f)?
3
Suppose -2*l - 2*b + 1568 = 0, 5*l = 5*b + 4813 - 893. What is the units digit of l?
4
Let h(o) = -16*o + 60*o - 12 + 57*o + 15*o. What is the hundreds digit of h(2)?
2
Let y = 7 - 10. Let m(h) = 3*h**3 + 3*h**2 + 3*h + 3. Let g be m(y). Let k = g - -103. What is the tens digit of k?
4
Suppose -w + 5*t = 2*w + 6, 0 = -5*w - 3*t + 24. Let q(a) = -a**2 + 12*a + 12. Let f be q(9). Suppose -w*r + 3 + f = 0. What is the tens digit of r?
1
Suppose 0 = -36*z + 121*z - 280160. What is the units digit of z?
6
Suppose -d = d - 10, 5*f + d - 5 = 0. Suppose i - 14 + 2 = f. What is the units digit of i?
2
Let n be -1 + (3 - (2 - 1)). What is the hundreds digit of 1 + -1 + n - (-122 + 9)?
1
Let q(o) = -53*o - 58. What is the tens digit of q(-8)?
6
Let n = 4633 + -2176. What is the tens digit of n?
5
Suppose 4*v + 10 = -5*b - 2, -b - 12 = 4*v. Suppose -3*g = -b*g. Suppose g = 3*s - 31 - 47. What is the tens digit of s?
2
Suppose -5420 = 11*h - 31*h. What is the hundreds digit of h?
2
Let d = 369 + -258. Let c be (-1)/(d/(-54) + 2). Let y = c + 4. What is the units digit of y?
2
Suppose -10645 = -21*r + 2774. What is the units digit of r?
9
Suppose 7*p - 6 = -2*w + 3*p, 3*w - p + 5 = 0. Let t = 4 + w. Suppose -t*f = f - 88. What is the